n + 4. Let g(l) = m*p(l) + 3*f(l). Calculate the remainder when 11 is divided by g(3).
2
Let a(t) = -24*t - 64. What is the remainder when 88 is divided by a(-4)?
24
Let s(i) = i**3 + 9*i**2 - i + 13. Let f be s(-9). Suppose f*z = 24*z - 30. Calculate the remainder when 38 is divided by z.
8
Suppose -26 = -4*u - u + p, 5*u - 4*p - 14 = 0. Let w(s) = 9*s - 7. Let k = -20 + 45. What is the remainder when w(u) is divided by k?
22
Calculate the remainder when 20 is divided by -7*(-6 + 11 + -6).
6
Let z = -402 - -472. What is the remainder when z is divided by 13?
5
Suppose t = 3, -3*z - 4*t - 21 + 69 = 0. Suppose -k + 0*k + z = -c, 5*c = 0. Calculate the remainder when 33 is divided by k.
9
Suppose 0*d = d - 4. Let x(q) = -8*q + d*q**2 - 7 - 4*q + q - 5*q**2. What is the remainder when 11 is divided by x(-10)?
2
Let c = -69 - -95. Calculate the remainder when 76 is divided by c.
24
Let w(y) = y**2 + 7*y - 9. Let c be w(-8). Calculate the remainder when 58 is divided by c*(-34 - (-2 + -2)).
28
Suppose -3 = 6*c - 3. Suppose d = -5*q + 3*d + 55, 2*q - 2*d - 28 = c. Calculate the remainder when 15 is divided by q.
6
Suppose 5*f - 24 = -4*u, -15*f + 12*f - 5*u + 4 = 0. Let o = 1 - 11. Calculate the remainder when (-302)/o - 2/10 is divided by f.
6
Suppose 8*u - 614 = 234. What is the remainder when u is divided by 36?
34
Let l be (-1 + 0)*(-4 - 55/1). Let m = l - 18. Calculate the remainder when m is divided by 22.
19
Suppose -5*m = 4*b - 84, 2*b - 2*m - 55 = -13. What is the remainder when 240 is divided by b?
9
Let j = -1667 - -2340. What is the remainder when j is divided by 27?
25
Suppose 216*q - 168 = 204*q. Suppose -8 = 4*d, l - d = 4*l - 154. What is the remainder when l is divided by q?
10
Suppose 0 = -13*w + 12*w + 25. Let s = 6 + -3. What is the remainder when (-48 - 0)/(-4 + s) is divided by w?
23
Let v = 1529 + -852. What is the remainder when v is divided by 85?
82
Let c = -1 - -5. Suppose -24 = c*g - 0*g. What is the remainder when 31 is divided by g/(-3*(-3)/(-24))?
15
Let k be (1*58)/(16/24). Suppose 5*x - k = -27. Calculate the remainder when 45 is divided by x.
9
Let w = -823 + 892. What is the remainder when 400 is divided by w?
55
Suppose 2*v = 4*c + 34, 2*v = 3*c + 9 + 16. What is the remainder when 180 is divided by (c + 1)*13/(-4)?
24
What is the remainder when -4 + (-5 - (-105)/5) is divided by 8?
4
Let g(l) = -l**3 + 4*l**2 + 2*l + 1. Let z be g(4). What is the remainder when 133 is divided by (-24)/z*(-255)/20?
31
Let j(p) = -2*p**2 + 8*p - 34. Let l be j(9). Calculate the remainder when 56 is divided by l/10*115/(-46).
25
Suppose d = -314 + 48. Let c = -163 - d. What is the remainder when c is divided by 5/((-150)/20)*(-39)/1?
25
Let g(c) = 11 - 5*c + 3 + 8*c - 11*c + 2*c**2. Let l = 56 + -48. Calculate the remainder when g(l) is divided by 20.
18
Let r = -73 - -269. Suppose 658 = 7*v - r. Calculate the remainder when v is divided by 32.
26
Suppose 0*v = -2*v + 8. Let f(x) = -3*x + 0*x - 4 + v. What is the remainder when f(-6) is divided by 10?
8
Suppose j + 3*j = 3*b - 74, -4*b - 5*j = -78. Suppose f - 26 = -3*x - f, -4*x + 33 = 3*f. Suppose 3*q - 180 = x. Calculate the remainder when q is divided by b.
20
What is the remainder when 135 is divided by ((-1070)/(-321))/(5/42)?
23
Suppose -c - 25 + 41 = 0. What is the remainder when 16/1*(-14 + c) is divided by 20?
12
Suppose -86 = 2*q - 112. What is the remainder when 45 is divided by q?
6
Let q be 2/4 - (-9)/2. Suppose 23 = g - 2*h, g + h - q - 15 = 0. What is the remainder when g is divided by 11?
10
Let t = -89 - -93. Suppose 3*c = z - 2*c - 1, -4*c + t = 0. Calculate the remainder when 63 is divided by z.
3
Let q(d) = 2*d + 1. Let i = -18 + 29. Calculate the remainder when q(i) is divided by 8.
7
Suppose -4*w + 328 = -2*y + 5*y, 0 = -3*w - 5*y + 257. What is the remainder when w is divided by 40?
39
Suppose -3*l - 6 = -0. Suppose 6 = -2*h, -34 = 4*a + 3*h - h. Calculate the remainder when (-42)/l + 0/a is divided by 11.
10
Let q = -5 - 0. Let j = q - -19. Calculate the remainder when 20 is divided by (j/(-3))/((-6)/9).
6
Suppose 3*g = g + 18. Suppose -9*d = -553 - 329. What is the remainder when d is divided by g?
8
Let q = -97 - -24. Let o = -32 - q. What is the remainder when o is divided by 3?
2
Let u(s) = -s**2 - 15*s + 89. What is the remainder when 166 is divided by u(-18)?
26
Let l be (-2 + 4)*1 - -3. Suppose 4*j = l*b - 58, -b + 2*j - 6 = -2*b. What is the remainder when (6/4)/(4 + (-927)/234) is divided by b?
9
Let d = 43 - 43. Suppose d = h - 3*m - 0*m - 39, -4*m + 130 = 3*h. Calculate the remainder when h is divided by 15.
12
Suppose 2*z + 2*z - 142 = 2*t, 4*z + 3*t = 117. What is the remainder when z is divided by 12 + 6/(-3) + -1?
6
Let p(j) = -j**3 - 5*j**2 - 7*j + 5. Let z = -6 - -8. What is the remainder when p(-3) is divided by z?
0
Let t(r) = r**3 - 6*r**2 - 15*r + 20. Let u(d) = -6*d - 16. Let o be u(-4). Calculate the remainder when 82 is divided by t(o).
26
Let t(z) = z**2 - 9*z - 21. Let n = -3 - -15. Let o(v) = -44*v - 1. What is the remainder when o(-1) is divided by t(n)?
13
Suppose -2*f - 64 = -4*f - 4*i, 0 = -5*i - 10. Let u = f + -26. Let h = 3 + u. Calculate the remainder when 36 is divided by h.
10
Let d be ((-54)/3)/(-4 - -3). Suppose -2*y - 2 + d = 0. Let w(r) = 6*r**3 - 2*r**2 + r. What is the remainder when y is divided by w(1)?
3
Suppose 0 = u + 9 - 37. Let t(p) = -22*p**3 + p**2 - 2*p + 1. Let y be t(1). Let x = y + u. Calculate the remainder when x is divided by 4.
2
Suppose -4*b + 35 = z, 0 = -z - 2*z - 2*b + 115. What is the remainder when 206 is divided by z?
11
Suppose -29 = -m - 7*u + 2*u, 43 = m - 2*u. Calculate the remainder when 152 is divided by m.
35
Suppose -3*l - x = 235, -l = -3*l - 3*x - 145. Let i = 113 + l. Suppose 2*b + 3*b - 60 = 0. What is the remainder when i is divided by b?
9
Suppose 86*i + 54 = 95*i. Suppose 0 = p + l - 46, 0 = 5*l - 0 + 5. Let b = -30 + p. What is the remainder when b is divided by i?
5
Let x = 43 + -140. Let q = 160 + x. What is the remainder when q is divided by 22?
19
Suppose 4 = 5*r - 11, -5*u = r - 798. Calculate the remainder when u is divided by 16.
15
Let f = -25 + 47. Let w = 24 + 36. Let z = w - 18. What is the remainder when z is divided by f?
20
Suppose -2*o + 100 = 8*o. Suppose o = 5*j - 0. Calculate the remainder when 5 is divided by j.
1
Let p = 141 + -48. What is the remainder when 459 is divided by p?
87
Suppose 0 = 10*o - 5*o + 5*g - 30, 6 = 4*o - 2*g. Suppose 0*n - 34 = -2*f + o*n, 28 = 4*f + 4*n. Calculate the remainder when 31 is divided by f.
9
Suppose -57*g + 4*g + 1802 = 0. Calculate the remainder when 52 is divided by g.
18
Let a be (24/(-42))/((-2)/7). Let u be ((-2)/(-6))/(a/6). Calculate the remainder when u/3 - 10/(-6) is divided by 1.
0
Let r = 3 + -3. Suppose -3*x - x + 44 = r. What is the remainder when 3/((0 + -4)/(-28)) is divided by x?
10
Let y(s) = 35 + 2 - 33*s + 18*s + 12*s. Calculate the remainder when 49 is divided by y(8).
10
Let t(r) = 42*r + 30. What is the remainder when 2165 is divided by t(2)?
113
Let b(d) = d**3 + 8*d**2 - 6*d + 53. What is the remainder when b(-9) is divided by 3?
2
Let r be (-2)/(-12) - (-25)/30. Let k(v) = v**2 + 4*v - 3. Suppose z + z = 14. What is the remainder when z is divided by k(r)?
1
Suppose -4*n + 179 = -17. Suppose 0 = 3*x + n - 295. Calculate the remainder when x is divided by 43.
39
Suppose 0 = 10*p - 93 - 177. What is the remainder when 538 is divided by p?
25
Let b be (1 - 0)*0/(-1). Suppose -3*i + 3*r = -171, i + r + 0*r - 51 = b. Calculate the remainder when i is divided by 50/2 + -2*3.
16
Let z = -7 - -18. Calculate the remainder when -1*(1 + 1)*174/(-12) is divided by z.
7
Suppose -z = -7 - 14. Suppose -5*f = -2*l - 59, 73*f - 3*l = 77*f - 38. What is the remainder when z is divided by f?
10
Let h(a) = 4*a. Let m(o) = -6*o - 7. What is the remainder when m(-5) is divided by h(3)?
11
Suppose 13*h = -321 + 1010. Suppose p = m + 24, -m + 96 = 3*p + 2*m. What is the remainder when h is divided by p?
25
Suppose -6528 = -79*r + 31*r. What is the remainder when r is divided by 62?
12
Let b be 1/(-3) + 60/18. Let v(x) = 5 + x**3 + 3*x**3 - b*x - x**2 - 2*x**2 - 3*x**3. Calculate the remainder when 32 is divided by v